12 and 190952964?
12
Calculate the greatest common factor of 35769419 and 29868.
2489
Calculate the highest common factor of 87 and 11337927.
87
Calculate the highest common divisor of 409142220 and 340.
20
What is the greatest common divisor of 141 and 44619?
3
What is the greatest common factor of 2427951489 and 246?
123
What is the greatest common factor of 59017 and 253477?
7
Calculate the greatest common divisor of 147942 and 5625.
9
What is the greatest common factor of 51847 and 198770?
139
What is the highest common factor of 918871932 and 132?
132
Calculate the highest common factor of 4054467 and 7968.
249
What is the highest common factor of 3344 and 45662584?
88
What is the greatest common factor of 174 and 51362828?
58
Calculate the greatest common divisor of 6132370 and 16810.
410
Calculate the highest common divisor of 824286 and 8214.
222
Calculate the greatest common factor of 569125 and 3875.
125
What is the greatest common factor of 80 and 2210375?
5
What is the greatest common divisor of 15650661 and 55575?
741
Calculate the greatest common divisor of 3887103 and 275.
11
Calculate the greatest common divisor of 606 and 18000018.
606
Calculate the highest common factor of 5706 and 18057.
3
Calculate the greatest common divisor of 56156 and 62620.
404
What is the greatest common divisor of 101908 and 61773?
349
What is the greatest common divisor of 77196 and 87108?
84
Calculate the greatest common divisor of 68393290 and 110.
10
Calculate the greatest common factor of 4052983 and 583.
11
What is the greatest common divisor of 1599095600 and 1110?
370
Calculate the highest common factor of 3042 and 43842318.
1014
What is the greatest common divisor of 227 and 231245?
1
Calculate the highest common divisor of 70871 and 393.
131
What is the greatest common factor of 1177654 and 142?
2
Calculate the greatest common factor of 98183988 and 79380.
2268
What is the highest common divisor of 130 and 27870590?
10
What is the greatest common divisor of 65 and 4073394?
13
Calculate the greatest common factor of 6840 and 81415.
95
What is the highest common factor of 255 and 131916?
3
Calculate the highest common factor of 70286 and 672350.
226
What is the highest common factor of 50784 and 24131232?
2208
What is the greatest common factor of 512725288 and 31272?
10424
What is the greatest common divisor of 28373589 and 72?
9
What is the greatest common factor of 46700 and 164851?
467
What is the greatest common factor of 57057 and 34?
1
Calculate the highest common factor of 239744 and 41206.
3746
What is the highest common divisor of 1008 and 76018768?
112
Calculate the greatest common divisor of 463712 and 38528.
1376
Calculate the greatest common divisor of 651 and 624433.
31
Calculate the highest common divisor of 5597040 and 180.
60
Calculate the greatest common divisor of 480 and 24587680.
160
What is the highest common divisor of 81743549 and 5917?
97
Calculate the greatest common factor of 96147 and 582817.
1187
What is the highest common divisor of 34568223 and 1869?
267
Calculate the greatest common factor of 5872 and 172258423.
367
Calculate the highest common factor of 3928288 and 19312.
1136
What is the greatest common factor of 54 and 18167301?
27
What is the greatest common divisor of 3347995 and 875?
35
Calculate the greatest common divisor of 3116 and 287471254.
1558
Calculate the highest common divisor of 1220 and 3812090.
10
Calculate the highest common divisor of 4053912 and 19896.
24
Calculate the greatest common divisor of 360 and 362961240.
120
What is the greatest common factor of 312491 and 6556387?
1481
Calculate the greatest common factor of 1694 and 596992946.
242
What is the highest common factor of 336 and 4180428?
84
What is the highest common factor of 1632 and 23039352?
408
What is the highest common divisor of 1074 and 840744?
6
Calculate the greatest common divisor of 63 and 246987603.
9
Calculate the highest common factor of 3543267 and 10101.
273
Calculate the highest common divisor of 26316920 and 476035.
7105
Calculate the greatest common factor of 7361 and 183991.
17
Calculate the highest common divisor of 744 and 15500248.
248
Calculate the greatest common divisor of 15808 and 3324544.
1216
Calculate the greatest common factor of 44419 and 774.
43
Calculate the highest common factor of 9392625 and 2025.
675
Calculate the greatest common divisor of 2365 and 1255385.
215
What is the highest common factor of 3095866957 and 17?
17
What is the highest common factor of 80407829 and 456?
19
Calculate the highest common factor of 44786163 and 1731.
1731
Calculate the greatest common factor of 774746627 and 17.
17
Calculate the highest common factor of 38737225 and 1325.
25
Calculate the highest common factor of 12 and 74960100.
12
Calculate the greatest common divisor of 966 and 2148174.
42
Calculate the highest common divisor of 11752 and 351312.
104
What is the greatest common divisor of 17896053 and 714?
357
What is the highest common divisor of 726705 and 685?
5
Calculate the highest common factor of 3406 and 2320534.
262
What is the highest common factor of 33 and 20261131?
11
What is the highest common divisor of 3762 and 13730882?
418
Calculate the greatest common factor of 2880885 and 4795.
35
What is the highest common divisor of 20458210 and 3270?
1090
What is the highest common factor of 169098429 and 1135?
227
Calculate the greatest common factor of 130 and 50636365.
65
Calculate the highest common divisor of 2303 and 14239057.
49
Calculate the highest common factor of 3130 and 370.
10
Calculate the highest common factor of 109237 and 39751.
313
What is the greatest common divisor of 752 and 775876?
188
Calculate the greatest common divisor of 356 and 2910304.
4
What is the highest common factor of 128 and 2390290?
2
What is the greatest common divisor of 26 and 9393046?
26
Calculate the highest common divisor of 2513178 and 4902.
258
Calculate the greatest common factor of 189751909 and 578.
289
What is the greatest common factor of 6732 and 34056?
396
Calculate the highest common divisor of 25584010 and 9150.
610
Calculate the highest common divisor of 135 and 1988190.
45
Calculate the highest common divisor of 276726873 and 3453.
3453
Calculate the greatest common divisor of 9708 and 35068.
4
What is the highest common factor of 355710745 and 130?
65
What is the greatest common divisor of 3534 and 366792?
186
Calculate the greatest common factor of 655 and 113545.
5
Calculate the greatest common factor of 120 and 11754516.
12
Calculate the highest common divisor of 3171 and 47454015.
3171
Calculate the greatest common divisor of 681 and 405846717.
681
Calculate the highest common factor of 9009 and 5668.
13
What is the highest common divisor of 198816 and 688?
16
Calculate the greatest common divisor of 1299888 and 476.
68
Calculate the highest common factor of 300 and 6615030.
30
Calculate the highest common divisor of 1680 and 1986495.
105
What is the greatest common factor of 4231171 and 75047?
1057
What is the greatest common factor of 156 and 847536?
12
Calculate the highest common factor of 60 and 49727540.
20
What is the highest common divisor of 4152 and 77561436?
2076
Calculate the highest common factor of 441 and 262689.
147
What is the highest common factor of 1377518 and 3413086?
8774
What is the greatest common divisor of 11 and 1110031967?
11
What is the highest common divisor of 2796 and 139310700?
2796
What is the greatest common factor of 2 and 10779081?
1
What is the highest common divisor of 42240 and 273538560?
3840
What is the highest common divisor of 2250 and 98131750?
250
What is the greatest common divisor of 15964642 and 890?
178
Calculate the greatest common factor of 730352508 and 1868.
1868
What is the greatest common factor of 7097040 and 1530?
90
Calculate the greatest common factor of 7371 and 17290182.
273
What is the greatest common divisor of 8694207 and 18630?
207
Calculate the greatest common factor of 17413 and 2.
1
Calculate the greatest common factor of 12385158 and 376.
94
Calculate the highest common divisor of 1203122 and 155929.
211
Calculate the greatest common factor of 11547819 and 2321.
211
Calculate the highest common factor of 292906 a